 the highest common divisor of 163 and 163.
163
What is the greatest common factor of 3978 and 2448?
306
What is the greatest common factor of 17014 and 188?
94
What is the greatest common factor of 4475 and 3043?
179
Calculate the greatest common divisor of 24 and 128.
8
Calculate the greatest common divisor of 106 and 5194.
106
Calculate the highest common factor of 117 and 5538.
39
What is the greatest common factor of 45 and 35?
5
Calculate the greatest common divisor of 21 and 21.
21
What is the highest common divisor of 24 and 21324?
12
What is the greatest common divisor of 7716 and 12?
12
What is the highest common divisor of 1 and 738?
1
Calculate the highest common factor of 575 and 23.
23
Calculate the greatest common divisor of 65 and 5421.
13
Calculate the highest common divisor of 16830 and 10.
10
What is the greatest common divisor of 31265 and 185?
185
Calculate the greatest common divisor of 3 and 327.
3
Calculate the greatest common factor of 45 and 375.
15
Calculate the greatest common factor of 12 and 99.
3
Calculate the greatest common divisor of 1649 and 97.
97
What is the greatest common factor of 34 and 4?
2
Calculate the greatest common divisor of 2059 and 29.
29
Calculate the highest common divisor of 105 and 21.
21
What is the highest common factor of 28 and 1190?
14
Calculate the highest common divisor of 55 and 33055.
55
What is the greatest common divisor of 30 and 960?
30
What is the greatest common divisor of 108 and 6219?
9
What is the highest common divisor of 4 and 6070?
2
Calculate the highest common factor of 531 and 236.
59
Calculate the highest common factor of 87 and 10469.
29
Calculate the highest common factor of 1518 and 69.
69
What is the greatest common factor of 351 and 10764?
117
What is the highest common divisor of 26276 and 4?
4
Calculate the highest common factor of 7350 and 450.
150
What is the highest common factor of 54 and 14058?
18
What is the highest common divisor of 273 and 39?
39
What is the highest common factor of 41 and 11849?
41
Calculate the highest common factor of 570 and 30.
30
Calculate the greatest common factor of 3000 and 16.
8
Calculate the greatest common factor of 144 and 2340.
36
Calculate the highest common factor of 2350 and 188.
94
What is the highest common divisor of 2168 and 76?
4
What is the highest common factor of 312 and 1586?
26
What is the greatest common factor of 36 and 711?
9
What is the greatest common divisor of 18 and 678?
6
What is the highest common factor of 10 and 110?
10
What is the highest common factor of 475 and 675?
25
Calculate the highest common divisor of 198 and 88.
22
Calculate the greatest common divisor of 1886 and 492.
82
Calculate the highest common factor of 2509 and 13.
13
Calculate the highest common divisor of 396 and 1089.
99
Calculate the highest common factor of 1530 and 34.
34
Calculate the highest common factor of 152 and 7600.
152
Calculate the greatest common factor of 90 and 8190.
90
What is the highest common factor of 67 and 3283?
67
Calculate the highest common factor of 3 and 454.
1
What is the greatest common divisor of 284 and 12?
4
Calculate the greatest common divisor of 30 and 530.
10
What is the highest common divisor of 84 and 24?
12
Calculate the greatest common divisor of 87 and 754.
29
Calculate the greatest common divisor of 72 and 3528.
72
What is the highest common factor of 80 and 64?
16
Calculate the greatest common divisor of 153 and 117.
9
What is the greatest common divisor of 3626 and 37?
37
Calculate the greatest common divisor of 2754 and 1458.
162
Calculate the highest common factor of 3577 and 49.
49
What is the greatest common divisor of 53 and 424?
53
Calculate the greatest common divisor of 143 and 44.
11
Calculate the highest common factor of 87 and 3.
3
What is the greatest common divisor of 126 and 1582?
14
What is the greatest common divisor of 63 and 21?
21
Calculate the highest common factor of 4734 and 72.
18
What is the highest common factor of 45 and 153?
9
Calculate the greatest common factor of 429 and 78.
39
What is the greatest common factor of 49 and 98?
49
What is the greatest common factor of 40 and 940?
20
Calculate the highest common factor of 160 and 49040.
80
Calculate the highest common divisor of 126 and 693.
63
Calculate the greatest common factor of 611 and 752.
47
Calculate the highest common factor of 1614 and 6.
6
What is the greatest common divisor of 792 and 16?
8
What is the greatest common divisor of 1 and 603?
1
What is the highest common factor of 294 and 37779?
147
What is the greatest common factor of 495 and 45?
45
Calculate the highest common divisor of 16 and 40.
8
What is the highest common divisor of 343 and 735?
49
What is the greatest common factor of 80 and 32720?
80
Calculate the greatest common factor of 80 and 3800.
40
What is the greatest common factor of 210 and 735?
105
Calculate the highest common divisor of 10 and 670.
10
What is the greatest common divisor of 34 and 230?
2
Calculate the greatest common divisor of 67 and 4690.
67
What is the greatest common divisor of 791 and 49?
7
Calculate the highest common divisor of 5959 and 649.
59
What is the greatest common factor of 61 and 183?
61
Calculate the greatest common factor of 44 and 4268.
44
Calculate the greatest common factor of 323 and 17.
17
Calculate the highest common divisor of 66 and 176.
22
Calculate the highest common factor of 544 and 16.
16
What is the highest common factor of 2 and 54?
2
Calculate the highest common divisor of 11 and 7513.
11
What is the highest common factor of 132 and 588?
12
Calculate the highest common divisor of 44 and 297.
11
Calculate the highest common divisor of 40 and 55.
5
What is the greatest common divisor of 18 and 180?
18
Calculate the highest common factor of 184 and 8.
8
What is the highest common factor of 2295 and 408?
51
What is the greatest common factor of 16884 and 28?
28
Calculate the highest common divisor of 608 and 76.
76
What is the greatest common factor of 7387 and 712?
89
What is the greatest common factor of 14 and 20111?
7
What is the highest common divisor of 785 and 35?
5
What is the greatest common divisor of 15 and 1065?
15
What is the greatest common factor of 329 and 63?
7
What is the highest common divisor of 48 and 1024?
16
What is the highest common factor of 9 and 84?
3
What is the greatest common divisor of 3277 and 29?
29
Calculate the greatest common factor of 338 and 2.
2
What is the highest common divisor of 158 and 1343?
79
Calculate the highest common divisor of 4941 and 648.
81
Calculate the highest common factor of 1034 and 94.
94
Calculate the highest common divisor of 27335 and 1065.
355
What is the greatest common divisor of 120 and 4?
4
Calculate the greatest common factor of 80 and 3808.
16
Calculate the greatest common divisor of 200 and 50.
50
Calculate the highest common divisor of 1032 and 8.
8
What is the highest common factor of 70 and 1470?
70
Calculate the greatest common divisor of 162 and 50382.
162
What is the greatest common factor of 4 and 36?
4
Calculate the greatest common divisor of 6672 and 192.
48
Calculate the highest common factor of 8 and 16.
8
What is the greatest common factor of 32 and 95232?
32
What is the greatest common factor of 3150 and 42?
42
Calculate the highest common divisor of 9770 and 60.
10
Calculate the greatest common factor of 27 and 10368.
27
What is the greatest common divisor of 54 and 78?
6
Calculate the highest common factor of 508 and 172.
4
What is the greatest common divisor of 3036 and 66?
66
What is the greatest common divisor of 24 and 392?
8
What is the highest common divisor of 12 and 429?
3
Calculate the highest common divisor of 104 and 1833.
13
Calculate the highest common divisor of 26 and 4342.
26
What is the greatest common divisor of 12 and 81?
3
Calculate the greatest common factor of 25 and 225.
25
Calculate the greatest common divisor of 437 and 57.
19
Calculate the greatest common factor of 250 and 100.
50
What is the greatest common factor of 75 and 4215?
15
What is the highest common factor of 442 and 102?
34
What is the highest common divisor of 65 and 39?
13
Calculate the highest common factor of 64 and 208.
16
What is the highest c